{"id":2091,"date":"2020-10-28T17:04:12","date_gmt":"2020-10-28T16:04:12","guid":{"rendered":"http:\/\/serwis.fr\/?page_id=2091"},"modified":"2020-10-28T17:33:14","modified_gmt":"2020-10-28T16:33:14","slug":"2020-aeroports-de-paris","status":"publish","type":"page","link":"https:\/\/serwis.fr\/index.php\/2020-aeroports-de-paris\/","title":{"rendered":"2020 &#8211; Vaisala Oyj \/ A\u00e9roports de Paris"},"content":{"rendered":"<div id=\"pl-gb2091-6a090a8f00d9f\"  class=\"panel-layout\" ><div id=\"pg-gb2091-6a090a8f00d9f-0\"  class=\"panel-grid panel-no-style\" ><div id=\"pgc-gb2091-6a090a8f00d9f-0-0\"  class=\"panel-grid-cell\" ><div id=\"panel-gb2091-6a090a8f00d9f-0-0-0\" class=\"so-panel widget widget_shortcodes-ultimate shortcodes-ultimate panel-first-child panel-last-child\" data-index=\"0\" ><h3 class=\"widget-title\">Station RWS200 A\u00e9roville<\/h3><div class=\"textwidget\"><div class=\"su-image-carousel  su-image-carousel-has-spacing su-image-carousel-crop su-image-carousel-crop-4-5 su-image-carousel-has-outline su-image-carousel-adaptive su-image-carousel-slides-style-default su-image-carousel-controls-style-dark su-image-carousel-align-none\" style=\"\" data-flickity-options='{\"groupCells\":true,\"cellSelector\":\".su-image-carousel-item\",\"adaptiveHeight\":false,\"cellAlign\":\"left\",\"prevNextButtons\":true,\"pageDots\":true,\"autoPlay\":3000,\"imagesLoaded\":true,\"contain\":true,\"selectedAttraction\":0.025,\"friction\":0.28}' id=\"su_image_carousel_6a090a8f0203c\"><div class=\"su-image-carousel-item\"><div class=\"su-image-carousel-item-content\"><img width=\"525\" height=\"812\" src=\"https:\/\/serwis.fr\/wp-content\/uploads\/2020\/10\/Aeroville-662x1024.jpg\" class=\"\" alt=\"\" decoding=\"async\" loading=\"lazy\" srcset=\"https:\/\/serwis.fr\/wp-content\/uploads\/2020\/10\/Aeroville-662x1024.jpg 662w, https:\/\/serwis.fr\/wp-content\/uploads\/2020\/10\/Aeroville-194x300.jpg 194w, https:\/\/serwis.fr\/wp-content\/uploads\/2020\/10\/Aeroville-768x1189.jpg 768w, https:\/\/serwis.fr\/wp-content\/uploads\/2020\/10\/Aeroville.jpg 980w\" sizes=\"100vw\" \/><\/div><\/div><div class=\"su-image-carousel-item\"><div class=\"su-image-carousel-item-content\"><img width=\"525\" height=\"702\" src=\"https:\/\/serwis.fr\/wp-content\/uploads\/2020\/10\/Aeroville_2-766x1024.jpg\" class=\"\" alt=\"\" decoding=\"async\" loading=\"lazy\" srcset=\"https:\/\/serwis.fr\/wp-content\/uploads\/2020\/10\/Aeroville_2-766x1024.jpg 766w, https:\/\/serwis.fr\/wp-content\/uploads\/2020\/10\/Aeroville_2-224x300.jpg 224w, https:\/\/serwis.fr\/wp-content\/uploads\/2020\/10\/Aeroville_2-768x1027.jpg 768w, https:\/\/serwis.fr\/wp-content\/uploads\/2020\/10\/Aeroville_2.jpg 938w\" sizes=\"100vw\" \/><\/div><\/div><\/div><script id=\"su_image_carousel_6a090a8f0203c_script\">if(window.SUImageCarousel){setTimeout(function() {window.SUImageCarousel.initGallery(document.getElementById(\"su_image_carousel_6a090a8f0203c\"))}, 0);}var su_image_carousel_6a090a8f0203c_script=document.getElementById(\"su_image_carousel_6a090a8f0203c_script\");if(su_image_carousel_6a090a8f0203c_script){su_image_carousel_6a090a8f0203c_script.parentNode.removeChild(su_image_carousel_6a090a8f0203c_script);}<\/script><\/div><\/div><\/div><div id=\"pgc-gb2091-6a090a8f00d9f-0-1\"  class=\"panel-grid-cell\" ><div id=\"panel-gb2091-6a090a8f00d9f-0-1-0\" class=\"so-panel widget widget_sow-editor panel-first-child panel-last-child\" data-index=\"1\" ><div\n\t\t\t\n\t\t\tclass=\"so-widget-sow-editor so-widget-sow-editor-base\"\n\t\t\t\n\t\t>\n<div class=\"siteorigin-widget-tinymce textwidget\">\n\t<div class=\"su-spacer\" style=\"height:125px\"><\/div>\n<ul>\n<li><em><u>Projet <\/u><\/em>:<br \/>\nStation de m\u00e9t\u00e9orologie routi\u00e8re RWS200 de type non intrusif d\u00e9ploy\u00e9e sur le r\u00e9seau routier d&rsquo;A\u00e9roports de Paris<\/li>\n<li><em><u>Application<\/u><\/em> :<br \/>\nSurveillance de l&rsquo;\u00e9tat de surface de la chauss\u00e9e<\/li>\n<li><em><u>Services<\/u><\/em> :<br \/>\nInstallation, mise en service et int\u00e9gration des donn\u00e9es dans la plateforme RoadDSS de Vaisala<\/li>\n<\/ul>\n<\/div>\n<\/div><\/div><\/div><\/div><\/div>","protected":false},"excerpt":{"rendered":"<p>Projet : Station de m\u00e9t\u00e9orologie routi\u00e8re RWS200 de type non intrusif d\u00e9ploy\u00e9e sur le r\u00e9seau routier d&rsquo;A\u00e9roports de Paris Application : Surveillance de l&rsquo;\u00e9tat de surface de la chauss\u00e9e Services : Installation, mise en service et int\u00e9gration des donn\u00e9es dans la plateforme RoadDSS de Vaisala<\/p>\n","protected":false},"author":1,"featured_media":0,"parent":0,"menu_order":0,"comment_status":"closed","ping_status":"closed","template":"","meta":[],"_links":{"self":[{"href":"https:\/\/serwis.fr\/index.php\/wp-json\/wp\/v2\/pages\/2091"}],"collection":[{"href":"https:\/\/serwis.fr\/index.php\/wp-json\/wp\/v2\/pages"}],"about":[{"href":"https:\/\/serwis.fr\/index.php\/wp-json\/wp\/v2\/types\/page"}],"author":[{"embeddable":true,"href":"https:\/\/serwis.fr\/index.php\/wp-json\/wp\/v2\/users\/1"}],"replies":[{"embeddable":true,"href":"https:\/\/serwis.fr\/index.php\/wp-json\/wp\/v2\/comments?post=2091"}],"version-history":[{"count":9,"href":"https:\/\/serwis.fr\/index.php\/wp-json\/wp\/v2\/pages\/2091\/revisions"}],"predecessor-version":[{"id":2112,"href":"https:\/\/serwis.fr\/index.php\/wp-json\/wp\/v2\/pages\/2091\/revisions\/2112"}],"wp:attachment":[{"href":"https:\/\/serwis.fr\/index.php\/wp-json\/wp\/v2\/media?parent=2091"}],"curies":[{"name":"wp","href":"https:\/\/api.w.org\/{rel}","templated":true}]}}