{"id":2093,"date":"2020-10-28T17:04:50","date_gmt":"2020-10-28T16:04:50","guid":{"rendered":"http:\/\/serwis.fr\/?page_id=2093"},"modified":"2020-10-29T09:15:40","modified_gmt":"2020-10-29T08:15:40","slug":"2020-aprr-rcea","status":"publish","type":"page","link":"https:\/\/serwis.fr\/index.php\/2020-aprr-rcea\/","title":{"rendered":"2020 &#8211; Vaisala Oyj \/ APRR &#8211; RCEA"},"content":{"rendered":"<div id=\"pl-gb2093-6a090a859bb90\"  class=\"panel-layout\" ><div id=\"pg-gb2093-6a090a859bb90-0\"  class=\"panel-grid panel-no-style\" ><div id=\"pgc-gb2093-6a090a859bb90-0-0\"  class=\"panel-grid-cell\" ><div id=\"panel-gb2093-6a090a859bb90-0-0-0\" class=\"so-panel widget widget_shortcodes-ultimate shortcodes-ultimate panel-first-child panel-last-child\" data-index=\"0\" ><h3 class=\"widget-title\">RWS200 sur la RCEA<\/h3><div class=\"textwidget\"><div class=\"su-image-carousel  su-image-carousel-has-spacing su-image-carousel-crop su-image-carousel-crop-4-5 su-image-carousel-has-outline su-image-carousel-adaptive su-image-carousel-slides-style-default su-image-carousel-controls-style-dark su-image-carousel-align-none\" style=\"\" data-flickity-options='{\"groupCells\":true,\"cellSelector\":\".su-image-carousel-item\",\"adaptiveHeight\":false,\"cellAlign\":\"left\",\"prevNextButtons\":true,\"pageDots\":true,\"autoPlay\":3000,\"imagesLoaded\":true,\"contain\":true,\"selectedAttraction\":0.025,\"friction\":0.28}' id=\"su_image_carousel_6a090a859c908\"><div class=\"su-image-carousel-item\"><div class=\"su-image-carousel-item-content\"><img width=\"525\" height=\"712\" src=\"https:\/\/serwis.fr\/wp-content\/uploads\/2020\/10\/RCEA_2_red-755x1024.jpg\" class=\"\" alt=\"\" decoding=\"async\" loading=\"lazy\" srcset=\"https:\/\/serwis.fr\/wp-content\/uploads\/2020\/10\/RCEA_2_red-755x1024.jpg 755w, https:\/\/serwis.fr\/wp-content\/uploads\/2020\/10\/RCEA_2_red-221x300.jpg 221w, https:\/\/serwis.fr\/wp-content\/uploads\/2020\/10\/RCEA_2_red-768x1041.jpg 768w, https:\/\/serwis.fr\/wp-content\/uploads\/2020\/10\/RCEA_2_red-1133x1536.jpg 1133w, https:\/\/serwis.fr\/wp-content\/uploads\/2020\/10\/RCEA_2_red.jpg 1411w\" sizes=\"100vw\" \/><\/div><\/div><div class=\"su-image-carousel-item\"><div class=\"su-image-carousel-item-content\"><img width=\"525\" height=\"588\" src=\"https:\/\/serwis.fr\/wp-content\/uploads\/2020\/10\/RCEA_1_red-915x1024.jpg\" class=\"\" alt=\"\" decoding=\"async\" loading=\"lazy\" srcset=\"https:\/\/serwis.fr\/wp-content\/uploads\/2020\/10\/RCEA_1_red-915x1024.jpg 915w, https:\/\/serwis.fr\/wp-content\/uploads\/2020\/10\/RCEA_1_red-268x300.jpg 268w, https:\/\/serwis.fr\/wp-content\/uploads\/2020\/10\/RCEA_1_red-768x859.jpg 768w, https:\/\/serwis.fr\/wp-content\/uploads\/2020\/10\/RCEA_1_red.jpg 978w\" sizes=\"100vw\" \/><\/div><\/div><\/div><script id=\"su_image_carousel_6a090a859c908_script\">if(window.SUImageCarousel){setTimeout(function() {window.SUImageCarousel.initGallery(document.getElementById(\"su_image_carousel_6a090a859c908\"))}, 0);}var su_image_carousel_6a090a859c908_script=document.getElementById(\"su_image_carousel_6a090a859c908_script\");if(su_image_carousel_6a090a859c908_script){su_image_carousel_6a090a859c908_script.parentNode.removeChild(su_image_carousel_6a090a859c908_script);}<\/script><\/div><\/div><\/div><div id=\"pgc-gb2093-6a090a859bb90-0-1\"  class=\"panel-grid-cell\" ><div id=\"panel-gb2093-6a090a859bb90-0-1-0\" class=\"so-panel widget widget_sow-editor panel-first-child panel-last-child\" data-index=\"1\" ><div\n\t\t\t\n\t\t\tclass=\"so-widget-sow-editor so-widget-sow-editor-base\"\n\t\t\t\n\t\t>\n<div class=\"siteorigin-widget-tinymce textwidget\">\n\t<div class=\"su-spacer\" style=\"height:120px\"><\/div>\n<ul>\n<li><em><u>Projet <\/u><\/em>:<br \/>\n2 stations de m\u00e9t\u00e9orologie routi\u00e8re RWS200 de type non intrusif d\u00e9ploy\u00e9es sur le r\u00e9seau routier\/autoroutier APRR<\/li>\n<li><em><u>Application<\/u><\/em> :<br \/>\nSurveillance de l&rsquo;\u00e9tat de surface de la chauss\u00e9e<\/li>\n<li><em><u>Services<\/u><\/em> :<br \/>\nGestion de projet, assistance \u00e0 l&rsquo;installation, configuration et tests d&rsquo;acceptation sur site<\/li>\n<\/ul>\n<\/div>\n<\/div><\/div><\/div><\/div><\/div>","protected":false},"excerpt":{"rendered":"<p>Projet : 2 stations de m\u00e9t\u00e9orologie routi\u00e8re RWS200 de type non intrusif d\u00e9ploy\u00e9es sur le r\u00e9seau routier\/autoroutier APRR Application : Surveillance de l&rsquo;\u00e9tat de surface de la chauss\u00e9e Services : Gestion de projet, assistance \u00e0 l&rsquo;installation, configuration et tests d&rsquo;acceptation sur site<\/p>\n","protected":false},"author":1,"featured_media":0,"parent":0,"menu_order":0,"comment_status":"closed","ping_status":"closed","template":"","meta":[],"_links":{"self":[{"href":"https:\/\/serwis.fr\/index.php\/wp-json\/wp\/v2\/pages\/2093"}],"collection":[{"href":"https:\/\/serwis.fr\/index.php\/wp-json\/wp\/v2\/pages"}],"about":[{"href":"https:\/\/serwis.fr\/index.php\/wp-json\/wp\/v2\/types\/page"}],"author":[{"embeddable":true,"href":"https:\/\/serwis.fr\/index.php\/wp-json\/wp\/v2\/users\/1"}],"replies":[{"embeddable":true,"href":"https:\/\/serwis.fr\/index.php\/wp-json\/wp\/v2\/comments?post=2093"}],"version-history":[{"count":6,"href":"https:\/\/serwis.fr\/index.php\/wp-json\/wp\/v2\/pages\/2093\/revisions"}],"predecessor-version":[{"id":2125,"href":"https:\/\/serwis.fr\/index.php\/wp-json\/wp\/v2\/pages\/2093\/revisions\/2125"}],"wp:attachment":[{"href":"https:\/\/serwis.fr\/index.php\/wp-json\/wp\/v2\/media?parent=2093"}],"curies":[{"name":"wp","href":"https:\/\/api.w.org\/{rel}","templated":true}]}}