{"id":2198,"date":"2021-10-07T09:47:20","date_gmt":"2021-10-07T08:47:20","guid":{"rendered":"http:\/\/serwis.fr\/?page_id=2198"},"modified":"2021-10-07T19:18:39","modified_gmt":"2021-10-07T18:18:39","slug":"2021-leosphere-vaisala","status":"publish","type":"page","link":"https:\/\/serwis.fr\/index.php\/2021-leosphere-vaisala\/","title":{"rendered":"2021 &#8211; Leosph\u00e8re \/ Vaisala"},"content":{"rendered":"<div id=\"pl-gb2198-69ecf2b2d385a\"  class=\"panel-layout\" ><div id=\"pg-gb2198-69ecf2b2d385a-0\"  class=\"panel-grid panel-no-style\" ><div id=\"pgc-gb2198-69ecf2b2d385a-0-0\"  class=\"panel-grid-cell panel-grid-cell-mobile-last\" ><div id=\"panel-gb2198-69ecf2b2d385a-0-0-0\" class=\"so-panel widget widget_siteorigin-panels-builder panel-first-child panel-last-child\" data-index=\"0\" ><div id=\"pl-w615eb4b8d1f38\"  class=\"panel-layout\" ><div id=\"pg-w615eb4b8d1f38-0\"  class=\"panel-grid panel-no-style\" ><div id=\"pgc-w615eb4b8d1f38-0-0\"  class=\"panel-grid-cell\" ><div id=\"panel-w615eb4b8d1f38-0-0-0\" class=\"so-panel widget widget_sow-slider panel-first-child panel-last-child\" data-index=\"0\" ><div\n\t\t\t\n\t\t\tclass=\"so-widget-sow-slider so-widget-sow-slider-default-53fd0f98de19\"\n\t\t\t\n\t\t><div class=\"sow-slider-base\" style=\"display: none\"><ul\n\t\t\t\t\tclass=\"sow-slider-images\"\n\t\t\t\t\tdata-settings=\"{&quot;pagination&quot;:true,&quot;speed&quot;:800,&quot;timeout&quot;:8000,&quot;paused&quot;:false,&quot;pause_on_hover&quot;:false,&quot;swipe&quot;:true,&quot;nav_always_show_desktop&quot;:&quot;&quot;,&quot;nav_always_show_mobile&quot;:&quot;&quot;,&quot;breakpoint&quot;:&quot;780px&quot;,&quot;unmute&quot;:false,&quot;anchor&quot;:null}\"\n\t\t\t\t\t\t\t\t\t\tdata-anchor-id=\"\"\n\t\t\t\t><\/ul>\t\t\t\t<ol class=\"sow-slider-pagination\">\n\t\t\t\t\t\t\t\t\t<\/ol>\n\n\t\t\t\t<div class=\"sow-slide-nav sow-slide-nav-next\">\n\t\t\t\t\t<a href=\"#\" data-goto=\"next\" aria-label=\"diapositive suivante\" data-action=\"next\">\n\t\t\t\t\t\t<em class=\"sow-sld-icon-thin-right\"><\/em>\n\t\t\t\t\t<\/a>\n\t\t\t\t<\/div>\n\n\t\t\t\t<div class=\"sow-slide-nav sow-slide-nav-prev\">\n\t\t\t\t\t<a href=\"#\" data-goto=\"previous\" aria-label=\"diapositive pr\u00e9c\u00e9dente\" data-action=\"prev\">\n\t\t\t\t\t\t<em class=\"sow-sld-icon-thin-left\"><\/em>\n\t\t\t\t\t<\/a>\n\t\t\t\t<\/div>\n\t\t\t\t<\/div><\/div><\/div><\/div><\/div><\/div><\/div><\/div><div id=\"pgc-gb2198-69ecf2b2d385a-0-1\"  class=\"panel-grid-cell panel-grid-cell-empty\" ><\/div><\/div><\/div>\n\n\n<div class=\"is-layout-flex wp-container-2 wp-block-columns\">\n<div class=\"is-layout-flow wp-block-column\" style=\"flex-basis:100%\"><div id=\"pl-gb2198-69ecf2b2df1bb\"  class=\"panel-layout\" ><div id=\"pg-gb2198-69ecf2b2df1bb-0\"  class=\"panel-grid panel-no-style\" ><div id=\"pgc-gb2198-69ecf2b2df1bb-0-0\"  class=\"panel-grid-cell\" ><div id=\"panel-gb2198-69ecf2b2df1bb-0-0-0\" class=\"so-panel widget widget_shortcodes-ultimate shortcodes-ultimate panel-first-child panel-last-child\" data-index=\"0\" ><h3 class=\"widget-title\">Nouvelle station AWS810<\/h3><div class=\"textwidget\"><div class=\"su-image-carousel  su-image-carousel-has-spacing su-image-carousel-crop su-image-carousel-crop-9-16 su-image-carousel-has-outline su-image-carousel-adaptive su-image-carousel-slides-style-default su-image-carousel-controls-style-dark su-image-carousel-align-none\" style=\"\" data-flickity-options='{\"groupCells\":true,\"cellSelector\":\".su-image-carousel-item\",\"adaptiveHeight\":false,\"cellAlign\":\"left\",\"prevNextButtons\":true,\"pageDots\":true,\"autoPlay\":3000,\"imagesLoaded\":true,\"contain\":true,\"selectedAttraction\":0.025,\"friction\":0.28}' id=\"su_image_carousel_69ecf2b2e083a\"><div class=\"su-image-carousel-item\"><div class=\"su-image-carousel-item-content\"><img width=\"525\" height=\"969\" src=\"https:\/\/serwis.fr\/wp-content\/uploads\/2021\/10\/Station-AWS810_2_red-555x1024.jpg\" class=\"\" alt=\"\" decoding=\"async\" loading=\"lazy\" srcset=\"https:\/\/serwis.fr\/wp-content\/uploads\/2021\/10\/Station-AWS810_2_red-555x1024.jpg 555w, https:\/\/serwis.fr\/wp-content\/uploads\/2021\/10\/Station-AWS810_2_red-163x300.jpg 163w, https:\/\/serwis.fr\/wp-content\/uploads\/2021\/10\/Station-AWS810_2_red.jpg 640w\" sizes=\"100vw\" \/><\/div><\/div><div class=\"su-image-carousel-item\"><div class=\"su-image-carousel-item-content\"><img width=\"525\" height=\"933\" src=\"https:\/\/serwis.fr\/wp-content\/uploads\/2021\/10\/AWS810_red-576x1024.jpg\" class=\"\" alt=\"\" decoding=\"async\" loading=\"lazy\" srcset=\"https:\/\/serwis.fr\/wp-content\/uploads\/2021\/10\/AWS810_red-576x1024.jpg 576w, https:\/\/serwis.fr\/wp-content\/uploads\/2021\/10\/AWS810_red-169x300.jpg 169w, https:\/\/serwis.fr\/wp-content\/uploads\/2021\/10\/AWS810_red.jpg 640w\" sizes=\"100vw\" \/><\/div><\/div><div class=\"su-image-carousel-item\"><div class=\"su-image-carousel-item-content\"><img width=\"525\" height=\"933\" src=\"https:\/\/serwis.fr\/wp-content\/uploads\/2021\/10\/AWS810_int-576x1024.jpg\" class=\"\" alt=\"\" decoding=\"async\" loading=\"lazy\" srcset=\"https:\/\/serwis.fr\/wp-content\/uploads\/2021\/10\/AWS810_int-576x1024.jpg 576w, https:\/\/serwis.fr\/wp-content\/uploads\/2021\/10\/AWS810_int-169x300.jpg 169w, https:\/\/serwis.fr\/wp-content\/uploads\/2021\/10\/AWS810_int.jpg 640w\" sizes=\"100vw\" \/><\/div><\/div><\/div><script id=\"su_image_carousel_69ecf2b2e083a_script\">if(window.SUImageCarousel){setTimeout(function() {window.SUImageCarousel.initGallery(document.getElementById(\"su_image_carousel_69ecf2b2e083a\"))}, 0);}var su_image_carousel_69ecf2b2e083a_script=document.getElementById(\"su_image_carousel_69ecf2b2e083a_script\");if(su_image_carousel_69ecf2b2e083a_script){su_image_carousel_69ecf2b2e083a_script.parentNode.removeChild(su_image_carousel_69ecf2b2e083a_script);}<\/script><\/div><\/div><\/div><div id=\"pgc-gb2198-69ecf2b2df1bb-0-1\"  class=\"panel-grid-cell\" ><div id=\"panel-gb2198-69ecf2b2df1bb-0-1-0\" class=\"so-panel widget widget_sow-editor panel-first-child panel-last-child\" data-index=\"1\" ><div\n\t\t\t\n\t\t\tclass=\"so-widget-sow-editor so-widget-sow-editor-base\"\n\t\t\t\n\t\t>\n<div class=\"siteorigin-widget-tinymce textwidget\">\n\t<div class=\"su-spacer\" style=\"height:130px\"><\/div>\n<ul>\n<li><em><u>Projet <\/u><\/em>:<br \/>\nPremi\u00e8re installation en France de la nouvelle station AWS810 de Vaisala sur un toit terrasse.<\/li>\n<li><em><u>Application<\/u><\/em> :<br \/>\nSurveillance des conditions m\u00e9t\u00e9orologiques sur le site (temp\u00e9rature, humidit\u00e9, point de ros\u00e9e, pr\u00e9cipitations, rayonnement, vitesse et direction du vent).<\/li>\n<li><em><u>Services<\/u><\/em> :<br \/>\nInstallation et param\u00e9trage de la station.<\/li>\n<\/ul>\n<\/div>\n<\/div><\/div><\/div><\/div><\/div><\/div>\n<\/div>\n","protected":false},"excerpt":{"rendered":"","protected":false},"author":1,"featured_media":0,"parent":0,"menu_order":0,"comment_status":"closed","ping_status":"closed","template":"","meta":[],"_links":{"self":[{"href":"https:\/\/serwis.fr\/index.php\/wp-json\/wp\/v2\/pages\/2198"}],"collection":[{"href":"https:\/\/serwis.fr\/index.php\/wp-json\/wp\/v2\/pages"}],"about":[{"href":"https:\/\/serwis.fr\/index.php\/wp-json\/wp\/v2\/types\/page"}],"author":[{"embeddable":true,"href":"https:\/\/serwis.fr\/index.php\/wp-json\/wp\/v2\/users\/1"}],"replies":[{"embeddable":true,"href":"https:\/\/serwis.fr\/index.php\/wp-json\/wp\/v2\/comments?post=2198"}],"version-history":[{"count":7,"href":"https:\/\/serwis.fr\/index.php\/wp-json\/wp\/v2\/pages\/2198\/revisions"}],"predecessor-version":[{"id":2216,"href":"https:\/\/serwis.fr\/index.php\/wp-json\/wp\/v2\/pages\/2198\/revisions\/2216"}],"wp:attachment":[{"href":"https:\/\/serwis.fr\/index.php\/wp-json\/wp\/v2\/media?parent=2198"}],"curies":[{"name":"wp","href":"https:\/\/api.w.org\/{rel}","templated":true}]}}