{"id":2342,"date":"2023-01-10T15:22:51","date_gmt":"2023-01-10T14:22:51","guid":{"rendered":"https:\/\/serwis.fr\/?page_id=2342"},"modified":"2023-01-12T12:40:54","modified_gmt":"2023-01-12T11:40:54","slug":"2022-vaisala-oyj-omp-plate-forme-pyreneenne-dobservations-atmospheriques","status":"publish","type":"page","link":"https:\/\/serwis.fr\/index.php\/2022-vaisala-oyj-omp-plate-forme-pyreneenne-dobservations-atmospheriques\/","title":{"rendered":"2022 &#8211; Vaisala Oyj \/ OMP &#8211; Plateforme pyr\u00e9n\u00e9enne d&rsquo;observations atmosph\u00e9riques"},"content":{"rendered":"<div id=\"pl-2342\"  class=\"panel-layout\" ><div id=\"pg-2342-0\"  class=\"panel-grid panel-no-style\" ><div id=\"pgc-2342-0-0\"  class=\"panel-grid-cell\" ><div id=\"panel-2342-0-0-0\" class=\"so-panel widget widget_sow-image panel-first-child panel-last-child\" data-index=\"0\" ><div\n\t\t\t\n\t\t\tclass=\"so-widget-sow-image so-widget-sow-image-default-d6014b76747a-2342\"\n\t\t\t\n\t\t>\n<h3 class=\"widget-title\">T\u00e9l\u00e9m\u00e8tre de nuages CL61<\/h3>\n<div class=\"sow-image-container\">\n\t\t<img src=\"https:\/\/serwis.fr\/wp-content\/uploads\/2023\/01\/CL61.png\" width=\"568\" height=\"564\" srcset=\"https:\/\/serwis.fr\/wp-content\/uploads\/2023\/01\/CL61.png 568w, https:\/\/serwis.fr\/wp-content\/uploads\/2023\/01\/CL61-300x298.png 300w, https:\/\/serwis.fr\/wp-content\/uploads\/2023\/01\/CL61-150x150.png 150w, https:\/\/serwis.fr\/wp-content\/uploads\/2023\/01\/CL61-100x100.png 100w\" sizes=\"(max-width: 568px) 100vw, 568px\" title=\"T\u00e9l\u00e9m\u00e8tre de nuages CL61\" alt=\"\" loading=\"lazy\" \t\tclass=\"so-widget-image\"\/>\n\t<\/div>\n\n<\/div><\/div><\/div><div id=\"pgc-2342-0-1\"  class=\"panel-grid-cell\" ><div id=\"panel-2342-0-1-0\" class=\"so-panel widget widget_sow-editor panel-first-child panel-last-child\" data-index=\"1\" ><div\n\t\t\t\n\t\t\tclass=\"so-widget-sow-editor so-widget-sow-editor-base\"\n\t\t\t\n\t\t>\n<div class=\"siteorigin-widget-tinymce textwidget\">\n\t<div class=\"su-spacer\" style=\"height:50px\"><\/div>\n<ul>\n<li style=\"text-align: justify;\"><em><u>Projet <\/u><\/em>:<br \/>\nT\u00e9l\u00e9m\u00e8tre de nuages CL61 et logiciels d'acquisition et de traitement des couches nuageuses et de la couche limite atmosph\u00e9rique<\/li>\n<li style=\"text-align: justify;\"><em><u>Application <\/u><\/em>:<br \/>\nRecherche<\/li>\n<li style=\"text-align: justify;\"><em><u>Services <\/u><\/em>:<br \/>\nMise en service, param\u00e9trage des logiciels et formation des exploitants<\/li>\n<\/ul>\n<\/div>\n<\/div><\/div><\/div><\/div><\/div>","protected":false},"excerpt":{"rendered":"<p>Projet : T\u00e9l\u00e9m\u00e8tre de nuages CL61 et logiciels d&rsquo;acquisition et de traitement des couches nuageuses et de la couche limite atmosph\u00e9rique Application : Recherche Services : Mise en service, param\u00e9trage des logiciels et formation des exploitants<\/p>\n","protected":false},"author":1,"featured_media":0,"parent":0,"menu_order":0,"comment_status":"closed","ping_status":"closed","template":"","meta":[],"_links":{"self":[{"href":"https:\/\/serwis.fr\/index.php\/wp-json\/wp\/v2\/pages\/2342"}],"collection":[{"href":"https:\/\/serwis.fr\/index.php\/wp-json\/wp\/v2\/pages"}],"about":[{"href":"https:\/\/serwis.fr\/index.php\/wp-json\/wp\/v2\/types\/page"}],"author":[{"embeddable":true,"href":"https:\/\/serwis.fr\/index.php\/wp-json\/wp\/v2\/users\/1"}],"replies":[{"embeddable":true,"href":"https:\/\/serwis.fr\/index.php\/wp-json\/wp\/v2\/comments?post=2342"}],"version-history":[{"count":21,"href":"https:\/\/serwis.fr\/index.php\/wp-json\/wp\/v2\/pages\/2342\/revisions"}],"predecessor-version":[{"id":2386,"href":"https:\/\/serwis.fr\/index.php\/wp-json\/wp\/v2\/pages\/2342\/revisions\/2386"}],"wp:attachment":[{"href":"https:\/\/serwis.fr\/index.php\/wp-json\/wp\/v2\/media?parent=2342"}],"curies":[{"name":"wp","href":"https:\/\/api.w.org\/{rel}","templated":true}]}}