{"id":2376,"date":"2023-01-12T12:33:39","date_gmt":"2023-01-12T11:33:39","guid":{"rendered":"https:\/\/serwis.fr\/?page_id=2376"},"modified":"2023-01-14T18:17:11","modified_gmt":"2023-01-14T17:17:11","slug":"2023-le-pilotage-de-la-seine","status":"publish","type":"page","link":"https:\/\/serwis.fr\/index.php\/2023-le-pilotage-de-la-seine\/","title":{"rendered":"2023 &#8211; Le Pilotage de la Seine"},"content":{"rendered":"<div id=\"pl-gb2376-69ecef0f3ba80\"  class=\"panel-layout\" ><div id=\"pg-gb2376-69ecef0f3ba80-0\"  class=\"panel-grid panel-no-style\" ><div id=\"pgc-gb2376-69ecef0f3ba80-0-0\"  class=\"panel-grid-cell\" ><div id=\"panel-gb2376-69ecef0f3ba80-0-0-0\" class=\"so-panel widget widget_shortcodes-ultimate shortcodes-ultimate panel-first-child panel-last-child\" data-index=\"0\" ><h3 class=\"widget-title\">Station M\u00e9t\u00e9o<\/h3><div class=\"textwidget\"><div class=\"su-image-carousel  su-image-carousel-has-spacing su-image-carousel-crop su-image-carousel-crop-9-16 su-image-carousel-has-outline su-image-carousel-adaptive su-image-carousel-slides-style-photo su-image-carousel-controls-style-light su-image-carousel-align-none\" style=\"\" data-flickity-options='{\"groupCells\":true,\"cellSelector\":\".su-image-carousel-item\",\"adaptiveHeight\":false,\"cellAlign\":\"left\",\"prevNextButtons\":true,\"pageDots\":true,\"autoPlay\":3000,\"imagesLoaded\":true,\"contain\":true,\"selectedAttraction\":0.025,\"friction\":0.28}' id=\"su_image_carousel_69ecef0f3cc6f\"><div class=\"su-image-carousel-item\"><div class=\"su-image-carousel-item-content\"><img width=\"525\" height=\"700\" src=\"https:\/\/serwis.fr\/wp-content\/uploads\/2023\/01\/20230104_104247-768x1024.jpg\" class=\"\" alt=\"\" decoding=\"async\" loading=\"lazy\" srcset=\"https:\/\/serwis.fr\/wp-content\/uploads\/2023\/01\/20230104_104247-768x1024.jpg 768w, https:\/\/serwis.fr\/wp-content\/uploads\/2023\/01\/20230104_104247-225x300.jpg 225w, https:\/\/serwis.fr\/wp-content\/uploads\/2023\/01\/20230104_104247-1152x1536.jpg 1152w, https:\/\/serwis.fr\/wp-content\/uploads\/2023\/01\/20230104_104247-1536x2048.jpg 1536w, https:\/\/serwis.fr\/wp-content\/uploads\/2023\/01\/20230104_104247-scaled.jpg 1920w\" sizes=\"100vw\" \/><\/div><\/div><div class=\"su-image-carousel-item\"><div class=\"su-image-carousel-item-content\"><img width=\"525\" height=\"700\" src=\"https:\/\/serwis.fr\/wp-content\/uploads\/2023\/01\/20230104_104313-768x1024.jpg\" class=\"\" alt=\"\" decoding=\"async\" loading=\"lazy\" srcset=\"https:\/\/serwis.fr\/wp-content\/uploads\/2023\/01\/20230104_104313-768x1024.jpg 768w, https:\/\/serwis.fr\/wp-content\/uploads\/2023\/01\/20230104_104313-225x300.jpg 225w, https:\/\/serwis.fr\/wp-content\/uploads\/2023\/01\/20230104_104313-1152x1536.jpg 1152w, https:\/\/serwis.fr\/wp-content\/uploads\/2023\/01\/20230104_104313-1536x2048.jpg 1536w, https:\/\/serwis.fr\/wp-content\/uploads\/2023\/01\/20230104_104313-scaled.jpg 1920w\" sizes=\"100vw\" \/><\/div><\/div><div class=\"su-image-carousel-item\"><div class=\"su-image-carousel-item-content\"><img width=\"525\" height=\"700\" src=\"https:\/\/serwis.fr\/wp-content\/uploads\/2023\/01\/20230104_104256-768x1024.jpg\" class=\"\" alt=\"\" decoding=\"async\" loading=\"lazy\" srcset=\"https:\/\/serwis.fr\/wp-content\/uploads\/2023\/01\/20230104_104256-768x1024.jpg 768w, https:\/\/serwis.fr\/wp-content\/uploads\/2023\/01\/20230104_104256-225x300.jpg 225w, https:\/\/serwis.fr\/wp-content\/uploads\/2023\/01\/20230104_104256-1152x1536.jpg 1152w, https:\/\/serwis.fr\/wp-content\/uploads\/2023\/01\/20230104_104256-1536x2048.jpg 1536w, https:\/\/serwis.fr\/wp-content\/uploads\/2023\/01\/20230104_104256-scaled.jpg 1920w\" sizes=\"100vw\" \/><\/div><\/div><div class=\"su-image-carousel-item\"><div class=\"su-image-carousel-item-content\"><img width=\"525\" height=\"700\" src=\"https:\/\/serwis.fr\/wp-content\/uploads\/2023\/01\/20230104_104053_2-768x1024.jpg\" class=\"\" alt=\"\" decoding=\"async\" loading=\"lazy\" srcset=\"https:\/\/serwis.fr\/wp-content\/uploads\/2023\/01\/20230104_104053_2-768x1024.jpg 768w, https:\/\/serwis.fr\/wp-content\/uploads\/2023\/01\/20230104_104053_2-225x300.jpg 225w, https:\/\/serwis.fr\/wp-content\/uploads\/2023\/01\/20230104_104053_2-1152x1536.jpg 1152w, https:\/\/serwis.fr\/wp-content\/uploads\/2023\/01\/20230104_104053_2-1536x2048.jpg 1536w, https:\/\/serwis.fr\/wp-content\/uploads\/2023\/01\/20230104_104053_2-scaled.jpg 1920w\" sizes=\"100vw\" \/><\/div><\/div><div class=\"su-image-carousel-item\"><div class=\"su-image-carousel-item-content\"><img width=\"525\" height=\"700\" src=\"https:\/\/serwis.fr\/wp-content\/uploads\/2023\/01\/20230104_103824-768x1024.jpg\" class=\"\" alt=\"\" decoding=\"async\" loading=\"lazy\" srcset=\"https:\/\/serwis.fr\/wp-content\/uploads\/2023\/01\/20230104_103824-768x1024.jpg 768w, https:\/\/serwis.fr\/wp-content\/uploads\/2023\/01\/20230104_103824-225x300.jpg 225w, https:\/\/serwis.fr\/wp-content\/uploads\/2023\/01\/20230104_103824-1152x1536.jpg 1152w, https:\/\/serwis.fr\/wp-content\/uploads\/2023\/01\/20230104_103824-1536x2048.jpg 1536w, https:\/\/serwis.fr\/wp-content\/uploads\/2023\/01\/20230104_103824-scaled.jpg 1920w\" sizes=\"100vw\" \/><\/div><\/div><div class=\"su-image-carousel-item\"><div class=\"su-image-carousel-item-content\"><img width=\"525\" height=\"700\" src=\"https:\/\/serwis.fr\/wp-content\/uploads\/2023\/01\/20230104_132056_2-768x1024.jpg\" class=\"\" alt=\"\" decoding=\"async\" loading=\"lazy\" srcset=\"https:\/\/serwis.fr\/wp-content\/uploads\/2023\/01\/20230104_132056_2-768x1024.jpg 768w, https:\/\/serwis.fr\/wp-content\/uploads\/2023\/01\/20230104_132056_2-225x300.jpg 225w, https:\/\/serwis.fr\/wp-content\/uploads\/2023\/01\/20230104_132056_2-1152x1536.jpg 1152w, https:\/\/serwis.fr\/wp-content\/uploads\/2023\/01\/20230104_132056_2-1536x2048.jpg 1536w, https:\/\/serwis.fr\/wp-content\/uploads\/2023\/01\/20230104_132056_2-scaled.jpg 1920w\" sizes=\"100vw\" \/><\/div><\/div><\/div><script id=\"su_image_carousel_69ecef0f3cc6f_script\">if(window.SUImageCarousel){setTimeout(function() {window.SUImageCarousel.initGallery(document.getElementById(\"su_image_carousel_69ecef0f3cc6f\"))}, 0);}var su_image_carousel_69ecef0f3cc6f_script=document.getElementById(\"su_image_carousel_69ecef0f3cc6f_script\");if(su_image_carousel_69ecef0f3cc6f_script){su_image_carousel_69ecef0f3cc6f_script.parentNode.removeChild(su_image_carousel_69ecef0f3cc6f_script);}<\/script><\/div><\/div><\/div><div id=\"pgc-gb2376-69ecef0f3ba80-0-1\"  class=\"panel-grid-cell\" ><div id=\"panel-gb2376-69ecef0f3ba80-0-1-0\" class=\"so-panel widget widget_sow-editor panel-first-child panel-last-child\" data-index=\"1\" ><div\n\t\t\t\n\t\t\tclass=\"so-widget-sow-editor so-widget-sow-editor-base\"\n\t\t\t\n\t\t>\n<div class=\"siteorigin-widget-tinymce textwidget\">\n\t<div class=\"su-spacer\" style=\"height:40px\"><\/div>\n<ul>\n<li style=\"list-style-type: none;\">\n<ul>\n<li><em><u>Projet <\/u><\/em>:<br \/>\nLivraison d&rsquo;une station m\u00e9t\u00e9o, d&rsquo;un display WID513 et d&rsquo;un logiciel <a href=\"http:\/\/serwis.fr\/index.php\/les-logiciels\/\"><span style=\"color: #0000ff;\"><u>metDIS513<\/u><\/span>\u00a0<\/a>d&rsquo;acquisition , de traitement et d&rsquo;affichage\u00a0 des donn\u00e9es avec stockage en base<\/li>\n<li><em><u>Station \u00e9quip\u00e9e des capteurs :<\/u><\/em>\n<ul>\n<li>Vent WMT700<\/li>\n<li>Temp\u00e9rature et d&rsquo;humidit\u00e9 HMP155<\/li>\n<li>Pression PTB330<\/li>\n<\/ul>\n<\/li>\n<li><em><u>Application<\/u><\/em> :<br \/>\nSurveillance des conditions m\u00e9t\u00e9orologiques sur site pour aide au pilotage des bateaux sur la Seine<\/li>\n<li><em><u>Services<\/u><\/em> :<br \/>\nD\u00e9veloppement du logiciel, param\u00e9trage des capteurs, du display et du logiciel, tests sur site, formation des exploitants<\/li>\n<\/ul>\n<\/li>\n<\/ul>\n<\/div>\n<\/div><\/div><\/div><\/div><\/div>","protected":false},"excerpt":{"rendered":"<p>Projet : Livraison d&rsquo;une station m\u00e9t\u00e9o, d&rsquo;un display WID513 et d&rsquo;un logiciel metDIS513\u00a0d&rsquo;acquisition , de traitement et d&rsquo;affichage\u00a0 des donn\u00e9es avec stockage en base Station \u00e9quip\u00e9e des capteurs : Vent WMT700 Temp\u00e9rature et d&rsquo;humidit\u00e9 HMP155 Pression PTB330 Application : Surveillance des conditions m\u00e9t\u00e9orologiques sur site pour aide au pilotage des bateaux sur la Seine Services &hellip; <\/p>\n<p class=\"link-more\"><a href=\"https:\/\/serwis.fr\/index.php\/2023-le-pilotage-de-la-seine\/\" class=\"more-link\">Continuer la lecture<span class=\"screen-reader-text\"> de &laquo;&nbsp;2023 &#8211; Le Pilotage de la Seine&nbsp;&raquo;<\/span><\/a><\/p>\n","protected":false},"author":1,"featured_media":0,"parent":0,"menu_order":0,"comment_status":"closed","ping_status":"closed","template":"","meta":[],"_links":{"self":[{"href":"https:\/\/serwis.fr\/index.php\/wp-json\/wp\/v2\/pages\/2376"}],"collection":[{"href":"https:\/\/serwis.fr\/index.php\/wp-json\/wp\/v2\/pages"}],"about":[{"href":"https:\/\/serwis.fr\/index.php\/wp-json\/wp\/v2\/types\/page"}],"author":[{"embeddable":true,"href":"https:\/\/serwis.fr\/index.php\/wp-json\/wp\/v2\/users\/1"}],"replies":[{"embeddable":true,"href":"https:\/\/serwis.fr\/index.php\/wp-json\/wp\/v2\/comments?post=2376"}],"version-history":[{"count":18,"href":"https:\/\/serwis.fr\/index.php\/wp-json\/wp\/v2\/pages\/2376\/revisions"}],"predecessor-version":[{"id":2415,"href":"https:\/\/serwis.fr\/index.php\/wp-json\/wp\/v2\/pages\/2376\/revisions\/2415"}],"wp:attachment":[{"href":"https:\/\/serwis.fr\/index.php\/wp-json\/wp\/v2\/media?parent=2376"}],"curies":[{"name":"wp","href":"https:\/\/api.w.org\/{rel}","templated":true}]}}