{"id":287,"date":"2018-01-20T19:34:28","date_gmt":"2018-01-20T18:34:28","guid":{"rendered":"http:\/\/serwis.fr\/?page_id=287"},"modified":"2025-01-02T13:04:09","modified_gmt":"2025-01-02T12:04:09","slug":"nos-references","status":"publish","type":"page","link":"https:\/\/serwis.fr\/index.php\/nos-references\/","title":{"rendered":"Quelques unes de nos r\u00e9alisations"},"content":{"rendered":"<div id=\"pl-gb287-69ecd85622fef\"  class=\"panel-layout\" ><div id=\"pg-gb287-69ecd85622fef-0\"  class=\"panel-grid panel-no-style\" ><div id=\"pgc-gb287-69ecd85622fef-0-0\"  class=\"panel-grid-cell\" ><div id=\"panel-gb287-69ecd85622fef-0-0-0\" class=\"so-panel widget widget_sow-editor panel-first-child panel-last-child\" data-index=\"0\" ><div\n\t\t\t\n\t\t\tclass=\"so-widget-sow-editor so-widget-sow-editor-base\"\n\t\t\t\n\t\t>\n<div class=\"siteorigin-widget-tinymce textwidget\">\n\t<p>&nbsp;<\/p>\n<p>Depuis sa cr\u00e9ation, SerWIS est intervenu en tant que ma\u00eetre d\u2019\u0153uvre ou sous-traitant dans le cadre de diff\u00e9rents projets pour lesquels des stations synoptiques ou des stations d\u00e9di\u00e9es aux applications rail, route et a\u00e9roport ont \u00e9t\u00e9 install\u00e9es.<div class=\"su-spacer\" style=\"height:20px\"><\/div><\/p>\n<ul>\n<li style=\"list-style-type: none;\">\n<ul>\n<li style=\"text-align: left;\"><strong><em>2016<\/em> <\/strong>:\u00a0\u00a0\u00a0\u00a0 \u00a0 \u00a0\u00a0\u00a0\u00a0\u00a0\u00a0 <a href=\"http:\/\/serwis.fr\/index.php\/vaisala-oyj-eiffage\/\">Stations de d\u00e9tection de givre pour la ligne \u00e0 Grande Vitesse\u00a0 Bretagne &#8211; Pays de la Loire<\/a><br \/>\n<center><\/center><\/li>\n<li><strong><em>2016<\/em> <\/strong>:\u00a0\u00a0 \u00a0 \u00a0\u00a0 \u00a0\u00a0\u00a0\u00a0\u00a0 <a href=\"http:\/\/serwis.fr\/index.php\/vaisala-oyj-autoroute-area\/\">Stations de m\u00e9t\u00e9orologie routi\u00e8re pour le r\u00e9seau autoroutier AREA<\/a><br \/>\n<center><\/center><\/li>\n<li><strong><em>2017<\/em> <\/strong>:\u00a0\u00a0 \u00a0 \u00a0\u00a0\u00a0\u00a0\u00a0\u00a0\u00a0\u00a0 <a href=\"http:\/\/serwis.fr\/index.php\/2017-vaisala-oyj-direction-de-lenvironnement-monaco\/\">Stations synoptiques et centrale d&rsquo;acquisition pour la Direction de l&rsquo;Environnement, Monaco<\/a><br \/>\n<center><\/center><\/li>\n<li><strong><em>2017<\/em> <\/strong>:\u00a0\u00a0\u00a0\u00a0\u00a0 \u00a0\u00a0 \u00a0\u00a0\u00a0\u00a0 <a href=\"http:\/\/serwis.fr\/index.php\/2017-airparif\/\">Capteurs atmosph\u00e9riques pour Airparif<\/a><br \/>\n<center><\/center><\/li>\n<li><strong><em>2018<\/em> <\/strong>:\u00a0\u00a0\u00a0\u00a0\u00a0 \u00a0\u00a0 \u00a0\u00a0\u00a0\u00a0<a href=\"http:\/\/serwis.fr\/index.php\/2018-vaisala-onm-algerie\/\"> Stations m\u00e9t\u00e9orologiques pour l&rsquo;a\u00e9roport d&rsquo;Alger &#8211; Boum\u00e9di\u00e8ne<\/a><br \/>\n<center><\/center><\/li>\n<li><strong><em>2019<\/em> <\/strong>:\u00a0 \u00a0 \u00a0 \u00a0 \u00a0 \u00a0\u00a0\u00a0 <a href=\"http:\/\/serwis.fr\/index.php\/2019-vaisala-oyj-onera-toulouse\/\">T\u00e9l\u00e9m\u00e8tre de nuages pour le d\u00e9partement Optronique \u00e0 l&rsquo;ONERA Toulouse<\/a><center><\/center><\/li>\n<li><strong><em>2020<\/em> <\/strong>:\u00a0 \u00a0\u00a0 \u00a0 \u00a0\u00a0\u00a0\u00a0\u00a0 <a href=\"http:\/\/serwis.fr\/index.php\/2020-aeroports-de-paris\/\">Station de m\u00e9t\u00e9orologie routi\u00e8re pour le r\u00e9seau routier d&rsquo;A\u00e9roports de Paris<\/a><\/li>\n<li><em><strong>2020<\/strong><\/em> :\u00a0\u00a0 \u00a0\u00a0 \u00a0 \u00a0\u00a0\u00a0\u00a0 <a href=\"http:\/\/serwis.fr\/index.php\/2020-total-direct-energie-siemens\/\">Station m\u00e9t\u00e9orologique pour la centrale \u00e9lectrique TOTAL DIRECT ENERGIE (Pont sur Sambre)<\/a><\/li>\n<li><em><strong>2020<\/strong><\/em> :\u00a0\u00a0\u00a0 \u00a0 \u00a0 \u00a0\u00a0\u00a0\u00a0 <a href=\"http:\/\/serwis.fr\/index.php\/2020-o-i-france-gironcourt-sur-vraine\/\">Station m\u00e9t\u00e9orologique pour l&rsquo;usine O-I France (Gironcourt sur Vraine)<\/a><\/li>\n<li><strong><em>2020<\/em> <\/strong>:\u00a0\u00a0\u00a0\u00a0 \u00a0 \u00a0 \u00a0 \u00a0 <a href=\"http:\/\/serwis.fr\/index.php\/2020-aprr-rcea\/\">Stations de m\u00e9t\u00e9orologie routi\u00e8re pour le r\u00e9seau autoroutier APRR<\/a><\/li>\n<li><em><strong>2021<\/strong><\/em> :\u00a0\u00a0\u00a0 \u00a0 \u00a0 \u00a0\u00a0 \u00a0\u00a0<a href=\"http:\/\/serwis.fr\/index.php\/2021-neovaly\/\"> Capteur de temps pr\u00e9sent FD71P pour la soci\u00e9t\u00e9 NEOVALY (Rilleux-La-Pape)<\/a><\/li>\n<li><em><strong>2021<\/strong><\/em> :\u00a0\u00a0\u00a0 \u00a0 \u00a0 \u00a0\u00a0 \u00a0\u00a0 Station m\u00e9t\u00e9orologique pour la Soci\u00e9t\u00e9 Navale de Service Maroc<\/li>\n<li><em><strong>2021<\/strong><\/em> :\u00a0\u00a0\u00a0 \u00a0 \u00a0 \u00a0\u00a0 \u00a0\u00a0 <a href=\"http:\/\/serwis.fr\/index.php\/2021-leosphere-vaisala\/\">Nouvelle station m\u00e9t\u00e9orologique AWS810 pour Leosphere<\/a><\/li>\n<li><em><strong>2018 &#8211; 23<\/strong><\/em>\u00a0 : \u00a0 <a href=\"http:\/\/serwis.fr\/index.php\/2018-vaisala-vinci\/\">R\u00e9novation des stations de m\u00e9t\u00e9orologie routi\u00e8re du r\u00e9seau autoroutier ESCOTA<\/a><\/li>\n<li><em><strong>2021<\/strong><\/em> :\u00a0 \u00a0 \u00a0 \u00a0 \u00a0 \u00a0 \u00a0<a href=\"http:\/\/serwis.fr\/index.php\/2021-vaisala-oyj-sanef\/\">\u00ab\u00a0Super\u00a0\u00bb station RWS200 non intrusive pour SANEF<\/a><\/li>\n<li><em><strong>2022<\/strong> <\/em>:\u00a0 \u00a0 \u00a0 \u00a0 \u00a0 \u00a0 \u00a0<a href=\"http:\/\/serwis.fr\/index.php\/2022-clemessy-aprr-a79\/\">Stations de m\u00e9t\u00e9orologie routi\u00e8re pour le r\u00e9seau autoroutier APRR A79<\/a><\/li>\n<li><em><strong>2022<\/strong> <\/em>:\u00a0 \u00a0 \u00a0 \u00a0 \u00a0 \u00a0 \u00a0<a href=\"http:\/\/serwis.fr\/index.php\/2022-vaisala-oyj-omp-plate-forme-pyreneenne-dobservations-atmospheriques\/\">T\u00e9l\u00e9m\u00e8tre de nuages CL61 pour l&rsquo;Observatoire du Pic du Midi<\/a><\/li>\n<li><em><strong>2023<\/strong> <\/em>:\u00a0 \u00a0 \u00a0 \u00a0 \u00a0 \u00a0 \u00a0 <a href=\"https:\/\/serwis.fr\/index.php\/2023-le-pilotage-de-la-seine\/\">Station m\u00e9t\u00e9orologique pour le Pilotage de la Seine<\/a><\/li>\n<li><em><strong>2023<\/strong> <\/em>:\u00a0 \u00a0 \u00a0 \u00a0 \u00a0 \u00a0 \u00a0<a href=\"https:\/\/serwis.fr\/index.php\/2023-vaisala-oyj-cmfa\/\">Station AWS310 pour le Centre M\u00e9t\u00e9o Des Forces A\u00e9riennes (Alg\u00e9rie)<\/a><\/li>\n<li><em><strong>2023<\/strong> <\/em>:\u00a0 \u00a0 \u00a0 \u00a0 \u00a0 \u00a0 \u00a0<a href=\"https:\/\/serwis.fr\/index.php\/2024-france-energies-marines\/\">Syst\u00e8me de mesure de vent pour France Energies Marines<\/a><\/li>\n<li><em><strong>2024<\/strong> <\/em>:\u00a0 \u00a0 \u00a0 \u00a0 \u00a0 \u00a0 \u00a0Station m\u00e9t\u00e9orologique pour l&rsquo;UVE de Vitry sur Seine<\/li>\n<li><em><strong>2024<\/strong> <\/em>:\u00a0 \u00a0 \u00a0 \u00a0 \u00a0 \u00a0 \u00a0<a href=\"http:\/\/serwis.fr\/index.php\/les-logiciels\/\">Logiciel de traitement et d&rsquo;acquisition pour transmetteur WXT530<\/a><\/li>\n<\/ul>\n<\/li>\n<\/ul>\n<\/div>\n<\/div><\/div><\/div><\/div><\/div>\n\n\n<p><\/p>\n","protected":false},"excerpt":{"rendered":"<p>&nbsp; Depuis sa cr\u00e9ation, SerWIS est intervenu en tant que ma\u00eetre d\u2019\u0153uvre ou sous-traitant dans le cadre de diff\u00e9rents projets pour lesquels des stations synoptiques ou des stations d\u00e9di\u00e9es aux applications rail, route et a\u00e9roport ont \u00e9t\u00e9 install\u00e9es. 2016 :\u00a0\u00a0\u00a0\u00a0 \u00a0 \u00a0\u00a0\u00a0\u00a0\u00a0\u00a0 Stations de d\u00e9tection de givre pour la ligne \u00e0 Grande Vitesse\u00a0 Bretagne &#8211; &hellip; <\/p>\n<p class=\"link-more\"><a href=\"https:\/\/serwis.fr\/index.php\/nos-references\/\" class=\"more-link\">Continuer la lecture<span class=\"screen-reader-text\"> de &laquo;&nbsp;Quelques unes de nos r\u00e9alisations&nbsp;&raquo;<\/span><\/a><\/p>\n","protected":false},"author":1,"featured_media":0,"parent":0,"menu_order":0,"comment_status":"closed","ping_status":"closed","template":"","meta":[],"_links":{"self":[{"href":"https:\/\/serwis.fr\/index.php\/wp-json\/wp\/v2\/pages\/287"}],"collection":[{"href":"https:\/\/serwis.fr\/index.php\/wp-json\/wp\/v2\/pages"}],"about":[{"href":"https:\/\/serwis.fr\/index.php\/wp-json\/wp\/v2\/types\/page"}],"author":[{"embeddable":true,"href":"https:\/\/serwis.fr\/index.php\/wp-json\/wp\/v2\/users\/1"}],"replies":[{"embeddable":true,"href":"https:\/\/serwis.fr\/index.php\/wp-json\/wp\/v2\/comments?post=287"}],"version-history":[{"count":110,"href":"https:\/\/serwis.fr\/index.php\/wp-json\/wp\/v2\/pages\/287\/revisions"}],"predecessor-version":[{"id":2547,"href":"https:\/\/serwis.fr\/index.php\/wp-json\/wp\/v2\/pages\/287\/revisions\/2547"}],"wp:attachment":[{"href":"https:\/\/serwis.fr\/index.php\/wp-json\/wp\/v2\/media?parent=287"}],"curies":[{"name":"wp","href":"https:\/\/api.w.org\/{rel}","templated":true}]}}