{"id":680,"date":"2018-04-13T09:43:28","date_gmt":"2018-04-13T08:43:28","guid":{"rendered":"http:\/\/serwis.fr\/?page_id=680"},"modified":"2019-04-07T15:49:50","modified_gmt":"2019-04-07T14:49:50","slug":"gestion-de-projets","status":"publish","type":"page","link":"https:\/\/serwis.fr\/index.php\/gestion-de-projets\/","title":{"rendered":"Ma\u00eetrise d\u2019\u0153uvre &#8211; Gestion de Projets"},"content":{"rendered":"<div id=\"pl-680\"  class=\"panel-layout\" ><div id=\"pg-680-0\"  class=\"panel-grid panel-no-style\" ><div id=\"pgc-680-0-0\"  class=\"panel-grid-cell\" ><div id=\"panel-680-0-0-0\" class=\"so-panel widget widget_sow-image panel-first-child panel-last-child\" data-index=\"0\" ><div\n\t\t\t\n\t\t\tclass=\"so-widget-sow-image so-widget-sow-image-default-d6014b76747a-680\"\n\t\t\t\n\t\t>\n\n<div class=\"sow-image-container\">\n\t\t<img src=\"https:\/\/serwis.fr\/wp-content\/uploads\/2018\/04\/gears.jpg\" width=\"762\" height=\"720\" srcset=\"https:\/\/serwis.fr\/wp-content\/uploads\/2018\/04\/gears.jpg 762w, https:\/\/serwis.fr\/wp-content\/uploads\/2018\/04\/gears-300x283.jpg 300w\" sizes=\"(max-width: 706px) 89vw, (max-width: 767px) 82vw, 740px\" alt=\"\" loading=\"lazy\" \t\tclass=\"so-widget-image\"\/>\n\t<\/div>\n\n<\/div><\/div><\/div><div id=\"pgc-680-0-1\"  class=\"panel-grid-cell\" ><div id=\"panel-680-0-1-0\" class=\"so-panel widget widget_sow-editor panel-first-child panel-last-child\" data-index=\"1\" ><div\n\t\t\t\n\t\t\tclass=\"so-widget-sow-editor so-widget-sow-editor-base\"\n\t\t\t\n\t\t>\n<div class=\"siteorigin-widget-tinymce textwidget\">\n\t<ul>\n<div class=\"su-spacer\" style=\"height:40px\"><\/div><\/p>\n<li style=\"text-align: justify;\">SerWIS vous accompagne dans toute la phase de votre projet, depuis la d\u00e9finition de vos besoins et les recommandations au niveau mat\u00e9riel et logiciel jusqu'\u00e0 l'installation, la mise en route et la r\u00e9ception de votre syst\u00e8me.<\/li>\n<\/ul>\n<\/div>\n<\/div><\/div><\/div><\/div><div id=\"pg-680-1\"  class=\"panel-grid panel-no-style\" ><div id=\"pgc-680-1-0\"  class=\"panel-grid-cell\" ><div id=\"panel-680-1-0-0\" class=\"so-panel widget widget_sow-editor panel-first-child panel-last-child\" data-index=\"2\" ><div class=\"panel-widget-style panel-widget-style-for-680-1-0-0\" ><div\n\t\t\t\n\t\t\tclass=\"so-widget-sow-editor so-widget-sow-editor-base\"\n\t\t\t\n\t\t><h3 class=\"widget-title\">Votre Projet<\/h3>\n<div class=\"siteorigin-widget-tinymce textwidget\">\n\t<div class=\"ich-prefix\">\r\n\r\n    \r\n    <div class=\"row wcp-fgg-wrap\" style=\"width:auto;margin-left: -10px;margin-right: -10px;\">\r\n\r\n                                <div class=\"col-1-1\" style=\"padding: 10px;\">\r\n                <div class=\"wcp-caption-plugin\" ontouchstart=\"\" id=\"wcp-widget-518-0\" style=\"\">\r\n            <div class=\"image-caption-box\">\r\n            <div class=\"caption slide-bottom-to-top\"\r\n                style=\"background-color: rgba(186,141,143,0.96);\r\n                    color: #000000;\">\r\n                <div style=\"display:table;height:100%;width: 100%;\">\r\n                    <div class=\"centered-text\" style=\"text-align: auto; padding: 5px;\">\r\n                        <ul><li style=\"text-align: justify;\">SerWIS rassemble de nombreuses expertises et comp\u00e9tences pour vous aider \u00e0 r\u00e9aliser cette premi\u00e8re \u00e9tape.<\/li><\/ul>                    <\/div>\r\n                <\/div>\r\n            <\/div>\r\n            <img class=\"wcp-caption-image\" src=\"http:\/\/serwis.fr\/wp-content\/uploads\/2018\/01\/consulting-3055704_1920.jpg\" title=\"\" alt=\"\" style=\"\"\/>\r\n        <\/div>\r\n\r\n    <\/div>\r\n<style>\r\n            #wcp-widget-518-0 .centered-text * {\r\n            color: #000000;\r\n        }\r\n    <\/style>            <\/div>\r\n            \r\n            <\/div>\r\n    \r\n\r\n    \r\n    <div class=\"clearfix\"><\/div>\r\n    \r\n<\/div>\n<\/div>\n<\/div><\/div><\/div><\/div><div id=\"pgc-680-1-1\"  class=\"panel-grid-cell\" ><div id=\"panel-680-1-1-0\" class=\"so-panel widget widget_shortcodes-ultimate shortcodes-ultimate panel-first-child panel-last-child\" data-index=\"3\" ><div class=\"textwidget\"><div class=\"su-expand su-expand-collapsed su-expand-link-style-default\" data-height=\"240\"><div class=\"su-expand-content su-u-trim\" style=\"color:#333333;max-height:240px;overflow:hidden\">\n<ul><div class=\"su-spacer\" style=\"height:10px\"><\/div>\n<br><br>\n \t<li style=\"text-align: justify;\">Un syst\u00e8me d'informations m\u00e9t\u00e9orologiques est compos\u00e9 d'un r\u00e9seau d'une ou plusieurs stations automatiques qui vont mesurer des donn\u00e9es d'observations et les transmettre \u00e0 une centrale d'acquisition pour \u00eatre stock\u00e9es, puis restitu\u00e9es apr\u00e8s validation et traitement sur une interface graphique sous forme de graphes, tableaux...<\/li>\n \t<li style=\"text-align: justify;\">De nombreuses donn\u00e9es d'observations peuvent aujourd'hui \u00eatre mesur\u00e9es par les stations automatiques. Selon la nature de la donn\u00e9e, la pr\u00e9cision de la mesure souhait\u00e9e et selon la destination de la station (route, port, a\u00e9roport,...), nous vous conseillerons sur les types de syst\u00e8mes\/stations et capteurs qui devront \u00eatre mis en \u0153uvre.<\/li>\n \t<li style=\"text-align: justify;\">L'acheminement des donn\u00e9es vers la centrale d'acquisition est r\u00e9alis\u00e9 au moyen de diff\u00e9rents supports  de transmission  et protocoles de communication. L\u00e0 encore, nous vous conseillerons sur la solution la plus adapt\u00e9e \u00e0 votre projet.<\/li>\n \t<li style=\"text-align: justify;\">La centrale d'acquisition peut \u00eatre h\u00e9berg\u00e9e chez vous, chez un prestataire de votre choix ou encore chez Vaisala. Selon votre politique de gestion des donn\u00e9es, nous vous indiquerons la formule qui r\u00e9pondra le mieux \u00e0 vos besoins.<\/li>\n<li style=\"text-align: justify;\">Dans le cas o\u00f9 des adaptations m\u00e9caniques ou logicielles sont n\u00e9cessaires pour interfacer les nouveaux \u00e9quipements sur votre syst\u00e8me d'informations, nous faisons appel \u00e0 des sous-traitants en m\u00e9canique ou \u00e0 des d\u00e9veloppeurs informatiques pour r\u00e9aliser les int\u00e9grations.<\/li>\n<\/ul><\/div><div class=\"su-expand-link su-expand-link-more\" style=\"text-align:left\"><a href=\"javascript:;\" style=\"color:#0088FF;border-color:#0088FF\"><span style=\"border-color:#0088FF\">Plus...<\/span><\/a><\/div><div class=\"su-expand-link su-expand-link-less\" style=\"text-align:left\"><a href=\"javascript:;\" style=\"color:#0088FF;border-color:#0088FF\"><span style=\"border-color:#0088FF\">Moins...<\/span><\/a><\/div><\/div><\/div><\/div><\/div><\/div><div id=\"pg-680-2\"  class=\"panel-grid panel-no-style\" ><div id=\"pgc-680-2-0\"  class=\"panel-grid-cell\" ><div id=\"panel-680-2-0-0\" class=\"so-panel widget widget_sow-editor panel-first-child panel-last-child\" data-index=\"4\" ><div class=\"panel-widget-style panel-widget-style-for-680-2-0-0\" ><div\n\t\t\t\n\t\t\tclass=\"so-widget-sow-editor so-widget-sow-editor-base\"\n\t\t\t\n\t\t><h3 class=\"widget-title\">Le site d'observation<\/h3>\n<div class=\"siteorigin-widget-tinymce textwidget\">\n\t<div class=\"ich-prefix\">\r\n\r\n    \r\n    <div class=\"row wcp-fgg-wrap\" style=\"width:auto;margin-left: -10px;margin-right: -10px;\">\r\n\r\n                                <div class=\"col-1-1\" style=\"padding: 10px;\">\r\n                <div class=\"wcp-caption-plugin\" ontouchstart=\"\" id=\"wcp-widget-535-0\" style=\"\">\r\n            <div class=\"image-caption-box\">\r\n            <div class=\"caption slide-bottom-to-top\"\r\n                style=\"background-color: rgba(204,187,192,0.96);\r\n                    color: #000000;\">\r\n                <div style=\"display:table;height:100%;width: 100%;\">\r\n                    <div class=\"centered-text\" style=\"text-align: auto; padding: 5px;\">\r\n                        <ul><li style=\"text-align: justify;\">SerWIS vous propose des missions de reconnaissance de site afin de v\u00e9rifier l'ad\u00e9quation de la station automatique avec la nature du terrain, mais aussi afin d'\u00e9tudier la disponibilit\u00e9 des servitudes (pr\u00e9sence de lignes \u00e9lectriques et de communication) et\u00a0 les aspects r\u00e9glementaires (par exemple lors d'installation sur les a\u00e9roports).<\/li><\/ul>                    <\/div>\r\n                <\/div>\r\n            <\/div>\r\n            <img class=\"wcp-caption-image\" src=\"http:\/\/serwis.fr\/wp-content\/uploads\/2018\/01\/carte_2.jpg\" title=\"titre\" alt=\"\" style=\"\"\/>\r\n        <\/div>\r\n\r\n    <\/div>\r\n<style>\r\n            #wcp-widget-535-0 .centered-text * {\r\n            color: #000000;\r\n        }\r\n    <\/style>            <\/div>\r\n            \r\n            <\/div>\r\n    \r\n\r\n    \r\n    <div class=\"clearfix\"><\/div>\r\n    \r\n<\/div>\n<\/div>\n<\/div><\/div><\/div><\/div><div id=\"pgc-680-2-1\"  class=\"panel-grid-cell\" ><div id=\"panel-680-2-1-0\" class=\"so-panel widget widget_shortcodes-ultimate shortcodes-ultimate panel-first-child panel-last-child\" data-index=\"5\" ><div class=\"textwidget\"><ul><div class=\"su-spacer\" style=\"height:18px\"><\/div>\n<br><br>\n \t<li style=\"text-align: justify;\">La reconnaissance de site est une phase importante du projet. Une station automatique install\u00e9e sur un site qui n'est pas adapt\u00e9 fournira de mauvaises observations, quelque soit la pr\u00e9cision et la qualit\u00e9 des \u00e9quipements qui la composent.<\/li>\n \t<li style=\"text-align: justify;\">D'autre part, chaque capteur n\u00e9cessite de respecter des conditions sp\u00e9cifiques qui lui sont propres afin de fonctionner correctement et de reporter des observations conformes \u00e0 la classification attendue de la mesure.<\/li>\n \t<\/ul><\/div><\/div><\/div><\/div><div id=\"pg-680-3\"  class=\"panel-grid panel-no-style\" ><div id=\"pgc-680-3-0\"  class=\"panel-grid-cell\" ><div id=\"panel-680-3-0-0\" class=\"so-panel widget widget_sow-editor panel-first-child panel-last-child\" data-index=\"6\" ><div class=\"panel-widget-style panel-widget-style-for-680-3-0-0\" ><div\n\t\t\t\n\t\t\tclass=\"so-widget-sow-editor so-widget-sow-editor-base\"\n\t\t\t\n\t\t><h3 class=\"widget-title\">Les travaux sur site<\/h3>\n<div class=\"siteorigin-widget-tinymce textwidget\">\n\t<div class=\"ich-prefix\">\r\n\r\n    \r\n    <div class=\"row wcp-fgg-wrap\" style=\"width:auto;margin-left: -10px;margin-right: -10px;\">\r\n\r\n                                <div class=\"col-1-1\" style=\"padding: 10px;\">\r\n                <div class=\"wcp-caption-plugin\" ontouchstart=\"\" id=\"wcp-widget-541-0\" style=\"\">\r\n            <div class=\"image-caption-box\">\r\n            <div class=\"caption slide-bottom-to-top\"\r\n                style=\"background-color: rgba(152,161,214,0.96);\r\n                    color: #000000;\">\r\n                <div style=\"display:table;height:100%;width: 100%;\">\r\n                    <div class=\"centered-text\" style=\"text-align: auto; padding: 5px;\">\r\n                        <ul><li style=\"text-align: justify;\">L'installation et le param\u00e9trage sont r\u00e9alis\u00e9s par SerWIS afin de vous garantir une mise en service rapide et un fonctionnement op\u00e9rationnel de votre syst\u00e8me.<\/li><\/ul>                    <\/div>\r\n                <\/div>\r\n            <\/div>\r\n            <img class=\"wcp-caption-image\" src=\"http:\/\/serwis.fr\/wp-content\/uploads\/2018\/01\/24032010714-Copie2.gif\" title=\"\" alt=\"\" style=\"\"\/>\r\n        <\/div>\r\n\r\n    <\/div>\r\n<style>\r\n            #wcp-widget-541-0 .centered-text * {\r\n            color: #000000;\r\n        }\r\n    <\/style>            <\/div>\r\n            \r\n            <\/div>\r\n    \r\n\r\n    \r\n    <div class=\"clearfix\"><\/div>\r\n    \r\n<\/div>\n<\/div>\n<\/div><\/div><\/div><\/div><div id=\"pgc-680-3-1\"  class=\"panel-grid-cell\" ><div id=\"panel-680-3-1-0\" class=\"so-panel widget widget_shortcodes-ultimate shortcodes-ultimate panel-first-child panel-last-child\" data-index=\"7\" ><div class=\"textwidget\"><ul>\n<br><br><div class=\"su-spacer\" style=\"height:10px\"><\/div>\n \t<li style=\"text-align: justify;\">Lorsque l'installation n\u00e9cessite des op\u00e9rations sp\u00e9cifiques (r\u00e9alisation de g\u00e9nie civil, travaux sp\u00e9ciaux,  pose de capteur de chauss\u00e9e, etc.), SerWIS s'appuie sur des partenaires et sous-traitants qualifi\u00e9s et habilit\u00e9s.<\/li>\n        <li style=\"text-align: justify;\">Toute intervention sur site donne lieu syst\u00e9matiquement \u00e0 un rapport complet o\u00f9 sont d\u00e9crits les \u00e9quipements mis en \u0153uvre, les op\u00e9rations r\u00e9alis\u00e9es et le param\u00e9trage du syst\u00e8me.<\/li>\n<\/ul><\/div><\/div><\/div><\/div><div id=\"pg-680-4\"  class=\"panel-grid panel-no-style\" ><div id=\"pgc-680-4-0\"  class=\"panel-grid-cell\" ><div id=\"panel-680-4-0-0\" class=\"so-panel widget widget_sow-editor panel-first-child panel-last-child\" data-index=\"8\" ><div class=\"panel-widget-style panel-widget-style-for-680-4-0-0\" ><div\n\t\t\t\n\t\t\tclass=\"so-widget-sow-editor so-widget-sow-editor-base\"\n\t\t\t\n\t\t><h3 class=\"widget-title\">Recette site<\/h3>\n<div class=\"siteorigin-widget-tinymce textwidget\">\n\t<div class=\"ich-prefix\">\r\n\r\n    \r\n    <div class=\"row wcp-fgg-wrap\" style=\"width:auto;margin-left: -10px;margin-right: -10px;\">\r\n\r\n                                <div class=\"col-1-1\" style=\"padding: 10px;\">\r\n                <div class=\"wcp-caption-plugin\" ontouchstart=\"\" id=\"wcp-widget-548-0\" style=\"\">\r\n            <div class=\"image-caption-box\">\r\n            <div class=\"caption slide-bottom-to-top\"\r\n                style=\"background-color: rgba(186,180,180,0.96);\r\n                    color: #000000;\">\r\n                <div style=\"display:table;height:100%;width: 100%;\">\r\n                    <div class=\"centered-text\" style=\"text-align: auto; padding: 5px;\">\r\n                        <ul><li style=\"text-align: justify;\">SerWIS offre \u00e9galement sur demande la possibilit\u00e9 de r\u00e9aliser des tests d'acceptation sur site lors d'une recette terrain avec votre personnel.<\/li><\/ul>                    <\/div>\r\n                <\/div>\r\n            <\/div>\r\n            <img class=\"wcp-caption-image\" src=\"http:\/\/serwis.fr\/wp-content\/uploads\/2018\/01\/20170816_184538.jpg\" title=\"\" alt=\"\" style=\"\"\/>\r\n        <\/div>\r\n\r\n    <\/div>\r\n<style>\r\n            #wcp-widget-548-0 .centered-text * {\r\n            color: #000000;\r\n        }\r\n    <\/style>            <\/div>\r\n            \r\n            <\/div>\r\n    \r\n\r\n    \r\n    <div class=\"clearfix\"><\/div>\r\n    \r\n<\/div>\n<\/div>\n<\/div><\/div><\/div><\/div><div id=\"pgc-680-4-1\"  class=\"panel-grid-cell\" ><div id=\"panel-680-4-1-0\" class=\"so-panel widget widget_shortcodes-ultimate shortcodes-ultimate panel-first-child panel-last-child\" data-index=\"9\" ><div class=\"textwidget\"><ul>\n<br><br><div class=\"su-spacer\" style=\"height:100px\"><\/div>\n  <li style=\"text-align: justify;\"> Les tests d'acceptation sont d\u00e9finis dans un document Plan d'Essais d\u00e9livr\u00e9 pour approbation deux semaines avant leur ex\u00e9cution.<\/li>\n  <li style=\"text-align: justify;\"> Les r\u00e9sultats de ces tests sont consign\u00e9s dans le Rapport d'Essais.<\/li>\n<\/ul><\/div><\/div><\/div><\/div><\/div>","protected":false},"excerpt":{"rendered":"<p>SerWIS vous accompagne dans toute la phase de votre projet, depuis la d\u00e9finition de vos besoins et les recommandations au niveau mat\u00e9riel et logiciel jusqu&rsquo;\u00e0 l&rsquo;installation, la mise en route et la r\u00e9ception de votre syst\u00e8me.<\/p>\n","protected":false},"author":1,"featured_media":0,"parent":0,"menu_order":0,"comment_status":"closed","ping_status":"closed","template":"","meta":[],"_links":{"self":[{"href":"https:\/\/serwis.fr\/index.php\/wp-json\/wp\/v2\/pages\/680"}],"collection":[{"href":"https:\/\/serwis.fr\/index.php\/wp-json\/wp\/v2\/pages"}],"about":[{"href":"https:\/\/serwis.fr\/index.php\/wp-json\/wp\/v2\/types\/page"}],"author":[{"embeddable":true,"href":"https:\/\/serwis.fr\/index.php\/wp-json\/wp\/v2\/users\/1"}],"replies":[{"embeddable":true,"href":"https:\/\/serwis.fr\/index.php\/wp-json\/wp\/v2\/comments?post=680"}],"version-history":[{"count":199,"href":"https:\/\/serwis.fr\/index.php\/wp-json\/wp\/v2\/pages\/680\/revisions"}],"predecessor-version":[{"id":693,"href":"https:\/\/serwis.fr\/index.php\/wp-json\/wp\/v2\/pages\/680\/revisions\/693"}],"wp:attachment":[{"href":"https:\/\/serwis.fr\/index.php\/wp-json\/wp\/v2\/media?parent=680"}],"curies":[{"name":"wp","href":"https:\/\/api.w.org\/{rel}","templated":true}]}}