{"id":983,"date":"2019-02-13T12:31:37","date_gmt":"2019-02-13T11:31:37","guid":{"rendered":"http:\/\/serwis.fr\/?page_id=983"},"modified":"2019-04-05T19:05:33","modified_gmt":"2019-04-05T18:05:33","slug":"station-aws310-site-pour-aeroports","status":"publish","type":"page","link":"https:\/\/serwis.fr\/index.php\/station-aws310-site-pour-aeroports\/","title":{"rendered":"Station AWS310-site pour a\u00e9roports"},"content":{"rendered":"<div id=\"pl-983\"  class=\"panel-layout\" ><div id=\"pg-983-0\"  class=\"panel-grid panel-no-style\" ><div id=\"pgc-983-0-0\"  class=\"panel-grid-cell panel-grid-cell-mobile-last\" ><div id=\"panel-983-0-0-0\" class=\"so-panel widget widget_shortcodes-ultimate shortcodes-ultimate panel-first-child panel-last-child\" data-index=\"0\" ><div class=\"textwidget\"><ul>\n \t<li style=\"text-align: justify;\">Station m\u00e9t\u00e9orologique automatique AWS310-site con\u00e7ue sp\u00e9cialement pour r\u00e9pondre aux exigences des a\u00e9roports. Elle collecte les observations provenant non seulement de capteurs de vent, temp\u00e9rature, humidit\u00e9 et pression, mais \u00e9galement de t\u00e9l\u00e9m\u00e8tres de nuages, de diffusom\u00e8tres ou de capteurs de temps pr\u00e9sent. <\/li>\n<\/ul><\/div><\/div><\/div><div id=\"pgc-983-0-1\"  class=\"panel-grid-cell panel-grid-cell-empty\" ><\/div><\/div><div id=\"pg-983-1\"  class=\"panel-grid panel-no-style\" ><div id=\"pgc-983-1-0\"  class=\"panel-grid-cell\" ><div id=\"panel-983-1-0-0\" class=\"so-panel widget widget_sow-image panel-first-child panel-last-child\" data-index=\"1\" ><div\n\t\t\t\n\t\t\tclass=\"so-widget-sow-image so-widget-sow-image-default-d6014b76747a-983\"\n\t\t\t\n\t\t>\n\n<div class=\"sow-image-container\">\n\t\t<img src=\"https:\/\/serwis.fr\/wp-content\/uploads\/2019\/02\/2014-04-24-17.38.01.jpg\" width=\"2448\" height=\"3264\" srcset=\"https:\/\/serwis.fr\/wp-content\/uploads\/2019\/02\/2014-04-24-17.38.01.jpg 2448w, https:\/\/serwis.fr\/wp-content\/uploads\/2019\/02\/2014-04-24-17.38.01-225x300.jpg 225w, https:\/\/serwis.fr\/wp-content\/uploads\/2019\/02\/2014-04-24-17.38.01-768x1024.jpg 768w\" sizes=\"(max-width: 767px) 89vw, (max-width: 1000px) 54vw, (max-width: 1071px) 543px, 580px\" title=\"Station AWS310-SITE\" alt=\"\" loading=\"lazy\" \t\tclass=\"so-widget-image\"\/>\n\t<\/div>\n\n<\/div><\/div><\/div><\/div><\/div>","protected":false},"excerpt":{"rendered":"<p>Station m\u00e9t\u00e9orologique automatique AWS310-site con\u00e7ue sp\u00e9cialement pour r\u00e9pondre aux exigences des a\u00e9roports. Elle collecte les observations provenant non seulement de capteurs de vent, temp\u00e9rature, humidit\u00e9 et pression, mais \u00e9galement de t\u00e9l\u00e9m\u00e8tres de nuages, de diffusom\u00e8tres ou de capteurs de temps pr\u00e9sent.<\/p>\n","protected":false},"author":1,"featured_media":0,"parent":0,"menu_order":0,"comment_status":"closed","ping_status":"closed","template":"","meta":[],"_links":{"self":[{"href":"https:\/\/serwis.fr\/index.php\/wp-json\/wp\/v2\/pages\/983"}],"collection":[{"href":"https:\/\/serwis.fr\/index.php\/wp-json\/wp\/v2\/pages"}],"about":[{"href":"https:\/\/serwis.fr\/index.php\/wp-json\/wp\/v2\/types\/page"}],"author":[{"embeddable":true,"href":"https:\/\/serwis.fr\/index.php\/wp-json\/wp\/v2\/users\/1"}],"replies":[{"embeddable":true,"href":"https:\/\/serwis.fr\/index.php\/wp-json\/wp\/v2\/comments?post=983"}],"version-history":[{"count":12,"href":"https:\/\/serwis.fr\/index.php\/wp-json\/wp\/v2\/pages\/983\/revisions"}],"predecessor-version":[{"id":1426,"href":"https:\/\/serwis.fr\/index.php\/wp-json\/wp\/v2\/pages\/983\/revisions\/1426"}],"wp:attachment":[{"href":"https:\/\/serwis.fr\/index.php\/wp-json\/wp\/v2\/media?parent=983"}],"curies":[{"name":"wp","href":"https:\/\/api.w.org\/{rel}","templated":true}]}}